11 + -2 + (-4 - -3) + 5?
13
What is 1 - -11 - (202 - 160) - (-10 - 0)?
-20
What is the value of (-5 + 5 - -25) + -2 + -7 - 3?
13
What is (13 - 30) + (13 - 0)?
-4
What is 10 + (0 - 0 - (185 + -170))?
-5
Calculate 1 + (-5 - -6) + 10.
12
30 + (11 - 40) + (1 - -1)
3
Calculate -6 + (0 - 6) + 8 + -6.
-10
What is the value of -10 - (14 - (13 + (-18 + 10 - 1)))?
-20
What is the value of 2 + 0 + 0 + (-1 - -7)?
8
Evaluate -8 + (-9 - -23) - (13 + -3 - -3).
-7
Evaluate (-1 - -7) + -20 + 6 + 1.
-7
Evaluate -9 - (-40 + 15 - -12).
4
(20 - 2) + 0 + -7
11
What is 10 + -2 + (-1 - (-5 + 11)) + 10?
11
Evaluate (-2 - -7 - 2 - (-43 - -46)) + -12.
-12
What is the value of (-8 - 1) + -73 + 20 + 72?
10
What is -2 + 2 + 0 + 198 + -192?
6
Calculate 1 + -4 + (15 - (-1 + 2) - 10).
1
(-5 - -1) + 28 + -2 + -34 + 51
39
Evaluate (12 + -12 - 0) + 10 + -4.
6
What is -36 + 27 + (-7 - -7)?
-9
40 - (34 + -1) - -22
29
What is the value of 10 - (-4 + (1 - -9)) - (-4 + -4)?
12
23 - 26 - (5 - 0)
-8
Calculate (-7 + -8 + 6 - 11) + 2.
-18
What is the value of 77 + -59 + 6 + -4?
20
What is -13 + (21 - 9) + 11 + -1 + 2?
11
What is -2 + -20 - -10 - (1 + 2 - -10)?
-25
Evaluate -45 + 35 - (2 - 26).
14
Calculate (-14 - (3 - -6 - 12)) + -13 + 1.
-23
Evaluate -3 - (-5 - -6) - (3 + -9 + -3).
5
What is the value of 10 + 1 + -7 + (9 - 0)?
13
Calculate -13 + 3 + (57 - 41).
6
What is the value of (6 + -3 + -6 - (60 + -68)) + -12?
-7
Evaluate (13 - 2) + -4 - -5.
12
7 + (-14 - -19) + -19
-7
Evaluate 2 + 9 + (3 - (-1 - 1) - -4).
20
Calculate -6 + 3 + 6 + 13 + -13.
3
22 - (-3 - 14 - -20)
19
What is the value of -11 + 0 + 23 + -11?
1
What is 37 - (32 + -14) - 12?
7
Calculate (1 - (9 - (-4 + 10))) + 2 - 9.
-9
9 + -8 + -45 + 29
-15
-9 + 8 + 12 - (-5 - 2)
18
What is -66 - (-13 + -50) - (-1 - -4)?
-6
4 + -1 + -4 - (272 + -284)
11
What is the value of 0 + (59 - 60 - (3 - (2 - 3)))?
-5
(-9 + 6 - (-40 - -21)) + -3 + -6
7
Evaluate -7 - (-6 - -9) - (-5 - 2).
-3
What is the value of -8 + (-1 - -19) + -4 - -3?
9
What is -20 + -8 + 25 - -25?
22
Evaluate (0 - (-25 - -6)) + -114 + 107.
12
-3 - (11 + -11 + -2 + -8 + 1)
6
Calculate (0 - -1) + (-46 - (-35 + -27)).
17
What is -4 + -10 - -27 - 19?
-6
What is -2 + 0 - (-12 + (27 - 15))?
-2
What is the value of 3 + 18 + (-30 - -45) + -20?
16
-1 + 43 - 79 - -32
-5
What is -29 - (-7 - (4 + 4) - (-5 - 3))?
-22
5 + (-6 + 2 + -3 - (-25 - -33))
-10
What is -16 - -64 - 19 - (-3 + 4)?
28
Evaluate -4 + 4 + 17 + (1 - 9) + -12.
-3
6 + -18 + 5 + 20 + -2
11
What is 40 + (-7 - (4 - 3) - (-52 - -56))?
28
Evaluate 28 + (-5 + 3 - 13).
13
Calculate 2 + -22 + (31 - (9 - -19)).
-17
What is the value of -1 + -1 + (-89 - -83) - -7?
-1
Calculate (-2 - -2) + -8 + 3 - (3 + 8).
-16
What is the value of 0 - (12 - (1 + 6))?
-5
-19 + 29 + 1 + -34
-23
What is the value of 14 - (10 - 5) - 5?
4
Calculate (-123 - -111) + -16 + 2 + 7.
-19
Calculate 23 + (-21 - -35) + -21.
16
Evaluate -28 + 27 - (0 - (1 + -4)).
-4
What is (0 - (-5 + 1 + 2)) + 1?
3
What is the value of 9 + (-5 - (1 + 0)) + (13 - 8)?
8
Calculate 4 + 10 + (25 - 37).
2
What is -399 + 390 - (-14 + 0)?
5
What is (22 - 12) + -28 + 11?
-7
What is -1 - -6 - (-1 - 2) - (45 + -35)?
-2
Calculate -13 + 9 - (2 - (3 + 20)).
17
Calculate 11 - (-7 - -15) - -2.
5
Calculate (-8 - 1 - -1) + 8 + (24 - -6).
30
What is 10 + -9 + (2 - (-2 - 9))?
14
Evaluate 0 + 2 - 7 - -1 - (9 + -5).
-8
What is the value of (19 - 12) + -4 + 25?
28
What is the value of -6 + 12 + -2 - (0 + -11)?
15
Calculate -8 + -4 + (1 - 1 - -6).
-6
Evaluate -1 + -9 - (27 + -35).
-2
Evaluate (136 - 126) + (-2 - (2 - 4 - -2)).
8
What is the value of -27 - 3 - (-1 + -8) - (-5 - 2)?
-14
What is 2 + 2 + (-14 - (0 + -40 + 9))?
21
What is -18 + (26 - 21) - -26?
13
What is 14 - (-3 + 0 + 3 + -7 + 16)?
5
What is the value of 2276 + -2265 + (0 + 0 - 7 - 0)?
4
What is 1 + 1 + 11 - (127 - (171 + -53))?
4
Evaluate (66 + -73 - (-18 - -1)) + (6 - 4).
12
Calculate (11 - (14 - -16)) + 15.
-4
What is 6 - (5 - (3 + -1 + 1)) - 13?
-9
Evaluate 0 + 6 - (-17 - -2 - (5 - 15)).
11
Evaluate 79 + -98 - (0 - 4 - (-2 + -1)).
-18
What is the value of -1 - -21 - (-35 + 42)?
13
What is (-373 - -374) + (12 - -2) + 0?
15
What is the value of (-2 - 44) + (-811 - -828)?
-29
(8 - 8) + -3 + (35 - (2 - 0))
30
What is (18 - -7) + -106 + 66?
-15
What is the value of (9 - (17 + 15)) + -2 - 4?
-29
32 - (-6 - -6 - -53)
-21
-9 - (-1 + (0 - 16))
8
What is 4 + (3 - (-14 + 19))?
2
Evaluate -1 + -22 + 65 + -55.
-13
What is -11 - (-1 + -1 + 4 - (-37 - -31))?
-19
What is the value of (-6 - (10 - 20) - 0) + (2 - 14)?
-8
Evaluate (15 + 6 - 22) + 29.
28
What is 46 + -56 + 8 + (-2 - -2 - -5)?
3
What is -25 + 27 - (3 + 3) - 9?
-13
-1 + (-1 - -1 - -1 - (63 - 70))
7
Calculate -2 + 1 + 12 + (-13 - -19).
17
What is the value of -2878 - -2901 - (2 + -8 - -2)?
27
Evaluate 11 + (17 - (-15 - -44)) + 11.
10
What is the value of -19 + (-11 - -7) + 12 + -10?
-21
What is 0 + (3 - (-5 + 15)) + (8 - 2)?
-1
What is (-8 - (-60 + 27)) + (-2 - 8)?
15
What is the value of (-6 - -15) + 1 + (6 - 25)?
-9
What is the value of -44 - -40 - (8 + -6 + 2 + -6)?
-2
-6 + (-2 - 5 - 5) + 6 + 12
0
Evaluate (6 - -2) + (-53 - (-76 - -12)).
19
Calculate -8 - (-7 + 7 + -8) - 28.
-28
Evaluate -9 - (3 + (-17 - -13)).
-8
Calculate -14 + -5 + 10 + -4.
-13
Calculate 0 + 3 - 22 - (10 + 34 + -54).
-9
Evaluate 0 + 2 + -16 + 70 + -62.
-6
What is -10 - (-5 - (-13 - (-5 + 0)))?
-13
0 - (-3 - 4) - (9 - 6)
4
What is 16 + (-23 - -26 - 7)?
12
(1 - 1) + (12 - 8 - 5) + -8
-9
Calculate (-7 - (-3 + -4)) + (2 - -1).
3
What is the value of 1 + (-9 - 4 - (-2 + 2))?
-12
Evaluate -20 - 0 - (9 + 6 + -26 + 20).
-29
Evaluate 25 - (0 - 19 - -40).
4
0 - (1 + -10 + (55 - 50))
4
Evaluate -7 + (-7 - -7) + 2 + 34 + -23.
6
Evaluate -9 - 0 - (-20 - (-2 + -23 - -19)).
5
What is -20 - (-26 - (-16 - 8))?
-18
11 - (30 + 3) - -2 - (-1 - 1)
-18
What is the value of 1 - (5 - -13) - 3?
-20
Evaluate (1 - ((2 - 11) + -5)) + 63 + -68.
10
What is the value of (-2 - (2 - 1)) + (2 - 6) - -4?
-3
Calculate -21 - ((-9 - -41) + -5 + -7 + -10).
-31
Calculate -2 + -26 + (-406 - -454).
20
-4 + 4 + 3 - -1 - 12 - 5
-13
Evaluate (7 - (-11 - -12)) + -13 + -2.
-9
What is the value of 32 + -3 + -1 - (208 - 200)?
20
0 - -7 - (237 + -239)
9
Calculate -26 + 21 + -6 + 2.
-9
What is the value of -4 - 0 - (-18 - ((-4 - -3) + -2))?
11
What is the value of -2 + -6 + -18 + (22 - (11 + 6))?
-21
Calculate 1 + 1 + 0 - (100 + -98) - 12.
-12
(7 + -16 - -25) + -33 + 35
18
Evaluate 1 - 1 - ((-15 - -2) + (8 - 9)).
14
Calculate 4 + (-13 - (-6 - -2 - (31 + -27))).
-1
Evaluate -1 - (-6 + -28 + 16).
17
What is 3 - (1 + (2 - 10) + 19)?
-9
What is 11 + -13 + 1 + 6?
5
What is -15 - 33 - -8 - -22?
-18
Evaluate 37 + (-10 + 4 - -5).
36
Evaluate -21 + -6 + 19 - 1 - (-1 + 1).
-9
Calculate 6 + -5 + 3 + (9 - 11).
2
What is (-4 - 7) + -8 + 25 + 0 + 0?
6
Evaluate -7 + 13 + 0 + (-6 - 0).
0
What is the value of 8 + (1 - ((-7 - 0) + 9))?
7
What is the value of -3 + 7 + 13 - (-6 - (-16 - -5))?
12
What is -9 + (-21 + 14 - (-9 + 5))?
-12
What is the value of -42 + 50 + (-3 + -2 - -7)?
10
-1 - 3 - (-2 - (-4 + 2))
-4
72 + -43 - (0 + 9 - (3 + -1))
22
What is the value of 1 + -12 - (-21 + 9 + 4)?
-3
What is the value of (21 - -11) + 0 - (2 + -2 - -5)?
27
22 + (-8 - (-3 - -4)) + -2 - -9
20
Evaluate (-323 + 303 - (1 - 15)) + -33.
-39
Calculate 38 - (43 + -42) - 3.
34
What is the value of 16 + -4 - (-4 - (-6 - 32))?
-22
What is the value of -4 - (-29 + 13) - 9?
3
Calculate -1 - 24 - -2 - -19.
-4
What is the value of (11 + -8 - 3) + 11?
11
Calculate (281 - 274) + (-1 - 16).
-10
What is the value of -4 - 7 - -6 - (6 + 0)?
-11
Calculate -1 + 25 - (-14 + (22 - -12) + -14).
18
What is -1 + -14 + 14 - (-3 + 10)?
-8
What is the value of 15 - (23 + -11 - 0)?
3
Calculate -8 - -6 - (-4 + (-2 - -7 - 9)).
6
What is the value of 0 + 27 + -25 + 3 + -1?
4
What is the value of 8 + (-3 - (1 - (3 - 8))) - 7?
-8
Evaluate -2 - (4 + -19 + (1 - -10)).
2
Calculate 11 - (-22 + 30 - (6 - -2)).
11
What is 32 + -52 + 13 - -4?
-3
Calculate 10 - (29 + -19 + -13).
13
What is the value of -1 - (-2 + (-2 - -5 - 1))?
-1
Evaluate -2 + (1 - (6 - 10)) + -8.
-5
(-5 - -16) + 3 + (34 - 29)
19
What is the value of (1 + -10 - (-9 - -3)) + 4 + 2?
3
(-26 - (-22 + 8)) + 14 + (1 - 9)
-6
Evaluate (12 - -2 - (-5 - -10)) + (0 - -17).
26
W